ppose 10*z + 24*z = -8*z. Suppose -4*v = -3*v + c - 955, -3*v - 5*c + 2869 = z. What is the hundreds digit of v?
9
Let r(t) = 93*t**2 - 48*t - 58. What is the thousands digit of r(-8)?
6
Let w = 1 + 44. Suppose 5*r = -l - 0*r - 20, 4*l = 5*r + w. What is the units digit of ((-16)/l + 2)/(12/(-1240))?
4
Let l = 10 + 55. Let z = l + -61. Suppose 434 = z*f + 2*d, -9 = -2*d - d. What is the units digit of f?
7
Let x(w) = -89*w**2 - 7*w - 39. Let b(p) = -179*p**2 - 12*p - 76. Let l(u) = 3*b(u) - 7*x(u). What is the hundreds digit of l(-3)?
7
Let y(a) = a**3 + 7*a**2 + 4*a - 6. Let c be y(-6). Let u(l) = 84 + 9*l - 29 - 30 - 28. What is the tens digit of u(c)?
5
Let j = 22297 - 13638. What is the tens digit of j?
5
What is the thousands digit of 10/(-135)*3 - (-530158)/18?
9
Let k = -38 - -43. Suppose 3*g = -12, k*l - 2*l + g + 7 = 0. Let n(i) = -112*i + 4. What is the tens digit of n(l)?
1
Suppose 0 = 5*q - 2*u - 32233, -4*u - 32231 = -3*q - 2*q. What is the tens digit of q?
4
Let w be (3 - 1)/(-4)*-24. Suppose 2*u = -2*y - w, 3*u + 26 = -5*y - 0*y. What is the hundreds digit of (204*4/8)/(y/(-6))?
1
Let v(m) = 9*m + 1. Let p(d) = 6*d + 1. Let n(y) = 8*p(y) - 5*v(y). Let b be n(3). What is the tens digit of 88/b*6/(-2 + 4)?
2
Suppose 0 = h - 358 - 224. Let n = -389 + h. What is the units digit of n?
3
Let g = 477 + 526. Let l = 33 + g. What is the units digit of l?
6
Let h(s) = s**3 - 33*s**2 + 74*s - 23. Let l be h(31). What is the hundreds digit of l + (-5)/((-40)/24)?
3
Suppose -2*x + 4*j - 324 = -0*j, -3*x = -3*j + 492. What is the units digit of ((-2 - -1)*x)/(8/16)?
2
Let i(s) = -2307*s - 1737. What is the tens digit of i(-7)?
1
Let t(b) = -b**2 + b + 12. Let m be t(-3). Suppose 4*v - 2124 = -m*v. What is the hundreds digit of v?
5
Suppose -201077 - 137781 = -5*y + u, 135553 = 2*y + u. What is the hundreds digit of y?
7
Let h(j) = -6*j - 84. Let l be h(-13). What is the hundreds digit of l/2 - 116*(-55)/10?
6
Let h = -93 + 158. Let u = 95 - h. Suppose -157 + u = -m. What is the units digit of m?
7
Let h be ((3 + -4)*-3)/1. Suppose -7*m + h*m = -20. Suppose m*o + 0*o + 230 = 5*w, 246 = 5*w - o. What is the tens digit of w?
5
Let x(h) = -4*h**3 - 10*h**2 - 9*h - 9. Let t(b) = -b**3 - b**2 - b - 1. Let v(o) = -6*t(o) + x(o). Let a be v(4). What is the units digit of (-7)/a + 884/14?
3
Let g be ((630/24)/(-7))/(2/152). Let d be (-5 + g/(-6))*2. Suppose -7*j + 6*j = -d. What is the units digit of j?
5
Let h(b) = -964*b**3 - b**2 + 18*b + 37. What is the ten thousands digit of h(-3)?
2
Let a = -348 + 337. Let i(x) = 3*x**3 + 40*x**2 + 18*x + 27. What is the units digit of i(a)?
6
Let o be ((-25)/10 - -2) + 177/2. Let h(g) = -15*g**2 + 1 + o*g**2 + 113*g**2 - 5*g + 2. What is the hundreds digit of h(1)?
1
Suppose 3*z + 3*b - 77928 = 0, 0 = -186*z + 191*z - 2*b - 129929. What is the thousands digit of z?
5
Suppose 0 = 3*d - 13 + 4. Let m be 364 + 1 + (3 + -1 - d). Suppose 0 = -30*r + 26*r + m. What is the units digit of r?
1
Let q be (5/5 + 2)*(-10)/6. Suppose k - 5*k = -300. What is the units digit of 22/(q/(k/(-6)))?
5
Suppose 0 = 2*y - 4*o - 8372, 5*y = -47*o + 42*o + 20960. What is the units digit of y?
0
Let s = -58 - -251. Let l = -141 + s. What is the units digit of l?
2
Let t(a) = 27*a - 27. Let l(x) = -2*x**3 - 35*x**2 - 16*x + 26. Let p be l(-17). What is the units digit of t(p)?
6
Let a = -153 + 238. Let o be (3*a/(-15))/1. What is the tens digit of 16/(-4) - (o - 4)?
1
Suppose 0 = 692*j - 688*j - 16808. What is the thousands digit of j?
4
What is the hundreds digit of 425/17 + 15511 + 0 + -5?
5
What is the thousands digit of (-16639)/((560/100)/(-28))?
3
Let l(i) = i**3 - 3*i**2 - 4*i + 3. Let n be l(4). Let q(a) = 30*a**2 + 11*a - 6. What is the units digit of q(n)?
7
Suppose -3*x + 6172 = 5*n - 607, -3*n + 3*x + 4101 = 0. What is the thousands digit of n?
1
Suppose -23 = -4*y + 5. Let n(w) = -w**2 - 22*w + 13. Let v(k) = 5*k**2 + 98*k - 51. Let q(x) = 9*n(x) + 2*v(x). What is the tens digit of q(y)?
5
Let b = 9447 + -6982. What is the thousands digit of b?
2
Let r(j) = 51*j**2 + 4*j + 20. Let h(s) = -48*s**2 - 5*s - 21. Let q(c) = 4*h(c) + 5*r(c). What is the hundreds digit of q(-3)?
5
Suppose 0 = -u - 3*q + 5592, 5572 = 120*u - 119*u - 2*q. What is the units digit of u?
0
Suppose 0 = 11*q - 15*q + 5*p - 30014, 4*q + 2*p = -30028. What is the units digit of 4/(((-1)/(-2))/(q/(-72)))?
4
Let t = -60913 - -121585. What is the thousands digit of t?
0
Suppose -92*m - 5*u = -97*m + 30920, -4 = -2*u. Suppose 33*f - 27*f = m. What is the hundreds digit of f?
0
What is the ten thousands digit of 10/(-9) + (-265826)/(-18)?
1
Suppose 5*n - 58142 = 3*f - 269906, n + 70588 = f. What is the hundreds digit of f?
5
Suppose -5*r + 3*r = -0*r. Suppose 3*n - 15 = r, -16*p - 5*n + 2275 = -11*p. What is the hundreds digit of p?
4
Let c = 417 - 679. Let f(d) = -d**2 + 54*d - 144. Let b be f(38). Let j = b + c. What is the tens digit of j?
0
Let m(q) = 5*q**2 + 79*q - 1041. What is the thousands digit of m(29)?
5
Let d = 10629 + -8240. What is the units digit of d?
9
Suppose 20*c = 26*c - 4170. Suppose c = 5*s - 1875. What is the units digit of s?
4
What is the hundreds digit of 45324/2 - ((-30)/(-5))/(12/8)?
6
Let f = -10265 - -19553. Suppose -f = 161*x - 170*x. What is the units digit of x?
2
Let o(y) = 35*y - 310. Let h be o(10). Suppose -32400 = 16*t - h*t. What is the units digit of t?
0
Suppose r + 3*o - 3 = -9, 2*r - o = 9. Suppose -2*f = r*l + 2*f - 1274, 872 = 2*l - 3*f. Let n = l - 172. What is the tens digit of n?
5
Let b = -21 + 24. Suppose b*f - 321 - 876 = 0. What is the units digit of f?
9
What is the hundreds digit of -3*1 - (-47 - 6307)?
3
Suppose 3*k + 6736 = 7*k + 4*b, -2*k + 3380 = -b. Let f = -884 + k. What is the units digit of f?
4
Let v = -6218 - -12376. What is the units digit of v?
8
Suppose 9*t - 1080 = -3*w + 8*t, 0 = w - 3*t - 370. What is the tens digit of w - (5 + -3 + -8)?
6
Suppose -5*v + 25 = 0, y + v - 4861 = 54917. What is the units digit of y?
3
Let l(f) = -3825*f - 84. What is the thousands digit of l(-1)?
3
Let z(s) = -2*s**3 - 27*s**2 + 41*s - 4. Let i be z(-15). What is the tens digit of (i/(-42))/((-2)/258)?
7
Let t be ((-2)/4)/(-26 + 27)*0. Suppose -89*g + 74*g + 13485 = t. What is the tens digit of g?
9
Let g(p) = 210*p**2 + 89. What is the units digit of g(-10)?
9
Suppose -16*k + 66 = -10*k. Suppose 0 = -14*p + k*p + w + 2162, -w = 2*p - 1443. What is the tens digit of p?
2
Suppose -46*i + 6*i + 94040 = 0. What is the hundreds digit of i?
3
Let v be (4/7)/(64/224). Suppose 0 = -v*o + 1276 + 2108. What is the hundreds digit of o?
6
Suppose 0 = 14*m - 18*m + 16. Suppose m*g - 277 = 247. What is the units digit of 5/(-3) + 2 - g/(-3)?
4
Let n be 44/6*162/297. Suppose 2*s = v + 487, -7*s + 2*s + 1210 = -n*v. What is the units digit of s?
6
Let a = 101 - 90. Let z(r) = -r**3 + 10*r**2 + 14*r - 20. Let p be z(a). Suppose p*h - 6*h = 315. What is the units digit of h?
5
Suppose -5 = o, 142*g + 111981 = 145*g + 3*o. What is the units digit of g?
2
What is the thousands digit of (2 - -1786)/((-93)/(-62))?
1
Suppose -3*q - 449 = 2*o - 2415, -4*o + 3960 = -q. Let w = o - 422. What is the hundreds digit of w?
5
Let s(n) = 316*n**2 - 179*n - 531. What is the units digit of s(-3)?
0
Let i = 1215 + -121. Suppose 4*v + 3*f - 1460 = 0, 3*v - i = -0*v - 2*f. Suppose -4*o + v = -5*k, -2*k = -o + k + 94. What is the units digit of o?
8
Let j be (-2)/3 + 171/(-27). Let r be (10/4)/(j/2 + 4). Suppose -7*k + 3*k + 953 = -r*a, 5*k - a - 1186 = 0. What is the units digit of k?
7
Let d = -126348 - -203103. What is the thousands digit of d?
6
Let c = 23576 - 16683. What is the hundreds digit of c?
8
Let x(b) = b**3 - 27*b**2 - 14*b - 20. Let q be x(29). Suppose 0*m + m - v - 320 = 0, 4*m = -2*v + q. What is the units digit of m?
6
Let o = -244 + 425. Let w(r) = -16 + 0*r**3 + o*r - 160*r + r**3 + 0 - 15*r**2. What is the tens digit of w(14)?
8
What is the units digit of (-192498)/(-21) + 48/(-21)*3/12?
6
Suppose -2*k - 8*k = 1840. What is the hundreds digit of 3 + (-5 - (-2 + 1) - k)?
1
Suppose -g - 32*n = -30*n - 8433, g + n - 8430 = 0. What is the units digit of g?
7
Suppose -15*l - 16 + 46 = 0. What is the units digit of (l/12)/(25/(